{"id":2,"date":"2016-05-10T03:48:21","date_gmt":"2016-05-10T03:48:21","guid":{"rendered":"http:\/\/sabrinafranz.de\/?page_id=2"},"modified":"2019-12-10T17:03:36","modified_gmt":"2019-12-10T17:03:36","slug":"sample-page","status":"publish","type":"page","link":"https:\/\/sabrinafranz.de\/","title":{"rendered":"Die K\u00fcnstlerin Sabrina Franz"},"content":{"rendered":"<hr \/>\n<blockquote>\n<p style=\"text-align: center;\"><em>\u00abDie k\u00fcnstlerische Seele der Natur ist ihre \u00dcbersteigerung\u00bb<\/em><\/p>\n<\/blockquote>\n<p style=\"text-align: center;\"><em>Sabrina Franz sch\u00f6pft aus der visuellen Reihung der Natur und ihrer Umwelt.<\/em><\/p>\n<p class=\"silbentrennung\" style=\"text-align: justify;\"><em>Heimaterde. Eine besondere Felsformation, Berge oder \u00c4cker wie Linien durch den Raum. Anordnung von B\u00e4umen und Felsen, ein Weitblick. Eine besondere Stimmung an einem Ort \u2013 gepr\u00e4gt durch Vorgeschichte, Farben oder Wetter. Formen und Muster, die einen Ort zeichnen, fallen ins Auge und brennen sich fest. Es sind oft kurze Augenblicke, in denen eine fesselnde Vision entsteht. Bei einem Spaziergang taucht unerwartet ein See auf, auf der Durchreise entw\u00e4chst etwas der Banalit\u00e4t des Stra\u00dfenrandes, ein Vogelschwarm biegt sich zu einer verhei\u00dfenden Formation.<\/em><\/p>\n<p style=\"text-align: center;\"><em>Zeit und Raum. Fern von Linearit\u00e4t.<\/em><\/p>\n<p class=\"silbentrennung\" style=\"text-align: justify;\"><em>Motive werden um die eigene Perspektive erweitert und mitunter aus mehreren Dimensionen beleuchtet. Im Spiel zwischen Papier, Kohle, Kreide, Tusche und \u00d6lmalerei entstehen Transzendenzen der Realit\u00e4t und die volle Bandbreite fesselnder Emotionen.<br \/>\n<\/em><\/p>\n<p style=\"text-align: center;\"><em>Historie, Geographie und Materie sind dabei ebenso Spieler wie die Seele des Objekts.<\/em><\/p>\n<hr \/>\n","protected":false},"excerpt":{"rendered":"<p>\u00abDie k\u00fcnstlerische Seele der Natur ist ihre \u00dcbersteigerung\u00bb Sabrina Franz sch\u00f6pft aus der visuellen Reihung der Natur und ihrer Umwelt. Heimaterde. Eine besondere Felsformation, Berge oder \u00c4cker wie Linien durch den Raum. Anordnung von B\u00e4umen und Felsen, ein Weitblick. Eine besondere Stimmung an einem Ort \u2013 gepr\u00e4gt durch Vorgeschichte, Farben oder Wetter. Formen und Muster, &hellip; <\/p>\n<p class=\"link-more\"><a href=\"https:\/\/sabrinafranz.de\/\" class=\"more-link\"><span class=\"screen-reader-text\">\u201eDie K\u00fcnstlerin Sabrina Franz\u201c<\/span> weiterlesen<\/a><\/p>\n","protected":false},"author":1,"featured_media":0,"parent":0,"menu_order":0,"comment_status":"closed","ping_status":"open","template":"","meta":{"footnotes":""},"class_list":["post-2","page","type-page","status-publish","hentry"],"_links":{"self":[{"href":"https:\/\/sabrinafranz.de\/index.php?rest_route=\/wp\/v2\/pages\/2","targetHints":{"allow":["GET"]}}],"collection":[{"href":"https:\/\/sabrinafranz.de\/index.php?rest_route=\/wp\/v2\/pages"}],"about":[{"href":"https:\/\/sabrinafranz.de\/index.php?rest_route=\/wp\/v2\/types\/page"}],"author":[{"embeddable":true,"href":"https:\/\/sabrinafranz.de\/index.php?rest_route=\/wp\/v2\/users\/1"}],"replies":[{"embeddable":true,"href":"https:\/\/sabrinafranz.de\/index.php?rest_route=%2Fwp%2Fv2%2Fcomments&post=2"}],"version-history":[{"count":16,"href":"https:\/\/sabrinafranz.de\/index.php?rest_route=\/wp\/v2\/pages\/2\/revisions"}],"predecessor-version":[{"id":65,"href":"https:\/\/sabrinafranz.de\/index.php?rest_route=\/wp\/v2\/pages\/2\/revisions\/65"}],"wp:attachment":[{"href":"https:\/\/sabrinafranz.de\/index.php?rest_route=%2Fwp%2Fv2%2Fmedia&parent=2"}],"curies":[{"name":"wp","href":"https:\/\/api.w.org\/{rel}","templated":true}]}}